{"id":45,"date":"2018-05-04T10:21:28","date_gmt":"2018-05-04T13:21:28","guid":{"rendered":"http:\/\/construcao.faepe.org.br\/?page_id=45"},"modified":"2020-12-04T08:44:05","modified_gmt":"2020-12-04T11:44:05","slug":"sobre-a-faepe","status":"publish","type":"page","link":"http:\/\/site.faepe.org.br\/?page_id=45","title":{"rendered":"Sobre a Faepe"},"content":{"rendered":"<p>A Funda\u00e7\u00e3o de Apoio, Ensino, Pesquisa e Extens\u00e3o \u2013 FAEPE \u00e9 uma institui\u00e7\u00e3o de direito privado, sem fins lucrativos, fundada pela ent\u00e3o Associa\u00e7\u00e3o dos Professores da ESAL (ASPESAL) hoje Associa\u00e7\u00e3o de Docentes da Universidade Federal de Lavras (ADUFLA), em 14 de junho de 1976. A respectiva escritura p\u00fablica foi lavrada e registrada no Cart\u00f3rio do 1\u00ba Of\u00edcio da Cidade de Lavras, sendo devidamente aprovada pelo Minist\u00e9rio P\u00fablico do Estado de Minas Gerais.<\/p>\n<p>\u00c9 certificada como Institui\u00e7\u00e3o de Utilidade P\u00fablica Municipal e Estadual e tamb\u00e9m, \u00e9 cadastrada no Conselho Nacional de Servi\u00e7o Social do Minist\u00e9rio da Educa\u00e7\u00e3o. \u00c9 reconhecida pelo <u>MEC<\/u> e pelo <u>Minist\u00e9rio da Ci\u00eancia e da Tecnologia<\/u> como funda\u00e7\u00e3o de apoio \u00e0 projetos de ensino, pesquisa e extens\u00e3o.<\/p>\n<p>Destaca-se no apoio aos projetos de pesquisa da UFLA, financiados por institui\u00e7\u00f5es p\u00fablicas ou privadas, nos programas de extens\u00e3o e qualifica\u00e7\u00e3o profissional a dist\u00e2ncia nas mais diversas \u00e1reas, no gerenciamento cont\u00e1bil\/financeiro e operacional de todos os projetos de Ensino, de Pesquisa e de Extens\u00e3o da UFLA e na cultura, com refer\u00eancia para o coral Vozes do Campus e para a realiza\u00e7\u00e3o de concertos, recitais, exposi\u00e7\u00f5es e demais eventos.<\/p>\n<p>A Faepe oferece al\u00e9m de cursos regulares e turmas especiais, uma infinidade de servi\u00e7os especializados sob a forma de consultorias, diagn\u00f3sticos, assessorias, censos, desenvolvimento de produtos e pesquisas nas diversas \u00e1reas do conhecimento humano. Tem contado com in\u00fameros parceiros e\/ou clientes, dentre os quais se destacam: Cemig, Incra-MG, Ibama, Minist\u00e9rio da Agricultura, Minist\u00e9rio do Meio Ambiente, Minist\u00e9rio da Ci\u00eancia e Tecnologia, Sebrae, Embrater, Rhodia, Hokko do Brasil, Alcoa, Aracruz, entre outros. Al\u00e9m disso, os produtores rurais podem dispor de in\u00fameros servi\u00e7os oferecidos pela Ufla\/Faepe como an\u00e1lises de solos, de \u00e1gua, de cacha\u00e7a, etc.<\/p>\n","protected":false},"excerpt":{"rendered":"<p>A Funda\u00e7\u00e3o de Apoio, Ensino, Pesquisa e Extens\u00e3o \u2013 FAEPE \u00e9 uma institui\u00e7\u00e3o de direito privado, sem fins lucrativos, fundada&nbsp; <a href=\"http:\/\/site.faepe.org.br\/?page_id=45\">&hellip; Leia Mais <i class=\"fa fa-arrow-right\"><\/i><\/a><\/p>\n","protected":false},"author":2,"featured_media":0,"parent":0,"menu_order":0,"comment_status":"closed","ping_status":"closed","template":"","meta":[],"_links":{"self":[{"href":"http:\/\/site.faepe.org.br\/index.php?rest_route=\/wp\/v2\/pages\/45"}],"collection":[{"href":"http:\/\/site.faepe.org.br\/index.php?rest_route=\/wp\/v2\/pages"}],"about":[{"href":"http:\/\/site.faepe.org.br\/index.php?rest_route=\/wp\/v2\/types\/page"}],"author":[{"embeddable":true,"href":"http:\/\/site.faepe.org.br\/index.php?rest_route=\/wp\/v2\/users\/2"}],"replies":[{"embeddable":true,"href":"http:\/\/site.faepe.org.br\/index.php?rest_route=%2Fwp%2Fv2%2Fcomments&post=45"}],"version-history":[{"count":2,"href":"http:\/\/site.faepe.org.br\/index.php?rest_route=\/wp\/v2\/pages\/45\/revisions"}],"predecessor-version":[{"id":584,"href":"http:\/\/site.faepe.org.br\/index.php?rest_route=\/wp\/v2\/pages\/45\/revisions\/584"}],"wp:attachment":[{"href":"http:\/\/site.faepe.org.br\/index.php?rest_route=%2Fwp%2Fv2%2Fmedia&parent=45"}],"curies":[{"name":"wp","href":"https:\/\/api.w.org\/{rel}","templated":true}]}}